{"id":7734,"date":"2026-05-30T03:08:54","date_gmt":"2026-05-30T03:08:54","guid":{"rendered":"https:\/\/tourismehsp.com\/events-archives\/val-belzile-diy-fais-le-toi-meme\/"},"modified":"2026-05-29T23:37:13","modified_gmt":"2026-05-30T03:37:13","slug":"val-belzile-diy-fais-le-toi-meme","status":"publish","type":"ajde_events","link":"https:\/\/tourismehsp.com\/en\/events-archives\/val-belzile-diy-fais-le-toi-meme\/","title":{"rendered":"Val Belzile \/ DIY Fais-le toi-m\u00eame!"},"content":{"rendered":"<p>Val Belzile pr\u00e9sente son tout premier spectacle solo. Avec un stand-up authentique, assum\u00e9 et d\u00e9bordant d&#8217;autod\u00e9rision, elle propose un moment d&#8217;humour \u00e0 la fois original et inspirant. Accompagn\u00e9e de son personnage, Denise, fi\u00e8re Saguen\u00e9enne et ic\u00f4ne du DIY.<\/p>\n\n\n<p><a href=\"https:\/\/valbelzil.com\" target=\"_blank\" rel=\"noopener\">https:\/\/valbelzil.com<\/a><\/p>\n\n\n\n<p><strong><em>Forfait disponible 10% rabais \u00e0 l\u2019achat de tous les spectacles de la programmation automne 2026 (\u00e0 l\u2019exception des spectacles *jeunes publics\/scolaire)<\/em><\/strong><\/p>\n\n\n\n<p><strong><em>Mise en vente des forfaits automne 2026 le 03 juin \u00e0 9h via internet et \u00e0 la billetterie de la Shed<\/em><\/strong><\/p>\n\n\n\n<p><strong><em>Mise en vente individuel \u00e0 partir du 15 juin 9h via internet et \u00e0 la billetterie de la Shed<\/em><\/strong><\/p>\n","protected":false},"author":6,"featured_media":7758,"menu_order":0,"template":"","meta":{"_acf_changed":false},"tags":[],"event_type":[27],"event_type_2":[],"class_list":["post-7734","ajde_events","type-ajde_events","status-publish","has-post-thumbnail","hentry","event_location-la-shed-a-morue","event_type-accueil"],"acf":[],"_links":{"self":[{"href":"https:\/\/tourismehsp.com\/en\/wp-json\/wp\/v2\/ajde_events\/7734","targetHints":{"allow":["GET"]}}],"collection":[{"href":"https:\/\/tourismehsp.com\/en\/wp-json\/wp\/v2\/ajde_events"}],"about":[{"href":"https:\/\/tourismehsp.com\/en\/wp-json\/wp\/v2\/types\/ajde_events"}],"author":[{"embeddable":true,"href":"https:\/\/tourismehsp.com\/en\/wp-json\/wp\/v2\/users\/6"}],"wp:featuredmedia":[{"embeddable":true,"href":"https:\/\/tourismehsp.com\/en\/wp-json\/wp\/v2\/media\/7758"}],"wp:attachment":[{"href":"https:\/\/tourismehsp.com\/en\/wp-json\/wp\/v2\/media?parent=7734"}],"wp:term":[{"taxonomy":"post_tag","embeddable":true,"href":"https:\/\/tourismehsp.com\/en\/wp-json\/wp\/v2\/tags?post=7734"},{"taxonomy":"event_type","embeddable":true,"href":"https:\/\/tourismehsp.com\/en\/wp-json\/wp\/v2\/event_type?post=7734"},{"taxonomy":"event_type_2","embeddable":true,"href":"https:\/\/tourismehsp.com\/en\/wp-json\/wp\/v2\/event_type_2?post=7734"}],"curies":[{"name":"wp","href":"https:\/\/api.w.org\/{rel}","templated":true}]}}

Val Belzile / DIY Fais-le toi-même!

<p>Val Belzile présente son tout premier spectacle solo. Avec un stand-up authentique, assumé et débordant d&#8217;autodérision, elle propose un moment d&#8217;humour à la fois original et inspirant. Accompagnée de son personnage, Denise, fière Saguenéenne et icône du DIY.</p>


<p><a href="https://valbelzil.com" target="_blank" rel="noopener">https://valbelzil.com</a></p>



<p><strong><em>Forfait disponible 10% rabais à l’achat de tous les spectacles de la programmation automne 2026 (à l’exception des spectacles *jeunes publics/scolaire)</em></strong></p>



<p><strong><em>Mise en vente des forfaits automne 2026 le 03 juin à 9h via internet et à la billetterie de la Shed</em></strong></p>



<p><strong><em>Mise en vente individuel à partir du 15 juin 9h via internet et à la billetterie de la Shed</em></strong></p>
