{"id":7721,"date":"2026-05-30T03:08:54","date_gmt":"2026-05-30T03:08:54","guid":{"rendered":"https:\/\/tourismehsp.com\/events-archives\/bleu-jeans-bleu-record-nv\/"},"modified":"2026-05-29T23:31:58","modified_gmt":"2026-05-30T03:31:58","slug":"bleu-jeans-bleu-record-nv","status":"publish","type":"ajde_events","link":"https:\/\/tourismehsp.com\/en\/events-archives\/bleu-jeans-bleu-record-nv\/","title":{"rendered":"Bleu Jeans Bleu \/ Record n\u00b0V"},"content":{"rendered":"<p>Les gars de Bleu Jeans Bleu font du bien. Ils l&#8217;ont toujours fait, et ils poursuivent sur leur lanc\u00e9e avec un tout nouveau spectacle, la tourn\u00e9e Record N\u00baV. Ce nouveau spectacle allie irr\u00e9sistiblement leur musique efficace \u00e0 leur humour d\u00e9cal\u00e9, dans une parfaite complicit\u00e9 avec le public.<\/p>\n\n\n<figure class=\"wp-block-embed is-type-video is-provider-youtube wp-block-embed-youtube wp-embed-aspect-16-9 wp-has-aspect-ratio\"><div class=\"wp-block-embed__wrapper\">\n<iframe title=\"Bleu Jeans Bleu - Swing dans piscine - Avec Paroles - (Clip Officiel)\" width=\"800\" height=\"450\" src=\"https:\/\/www.youtube.com\/embed\/50X90Pl8VsA?feature=oembed\" frameborder=\"0\" allow=\"accelerometer; autoplay; clipboard-write; encrypted-media; gyroscope; picture-in-picture; web-share\" referrerpolicy=\"strict-origin-when-cross-origin\" allowfullscreen><\/iframe>\n<\/div><\/figure>\n\n\n\n<p><strong><em>Forfait disponible 10% rabais \u00e0 l\u2019achat de tous les spectacles de la programmation automne 2026 (\u00e0 l\u2019exception des spectacles *jeunes publics\/scolaire)<\/em><\/strong><\/p>\n\n\n\n<p><strong><em>Mise en vente des forfaits automne 2026 le 03 juin \u00e0 9h via internet et \u00e0 la billetterie de la Shed<\/em><\/strong><\/p>\n\n\n\n<p><strong><em>Mise en vente individuel \u00e0 partir du 15 juin 9h via internet et \u00e0 la billetterie de la Shed<\/em><\/strong><\/p>\n","protected":false},"author":6,"featured_media":7755,"menu_order":0,"template":"","meta":{"_acf_changed":false},"tags":[],"event_type":[27],"event_type_2":[],"class_list":["post-7721","ajde_events","type-ajde_events","status-publish","has-post-thumbnail","hentry","event_location-la-shed-a-morue","event_type-accueil"],"acf":[],"_links":{"self":[{"href":"https:\/\/tourismehsp.com\/en\/wp-json\/wp\/v2\/ajde_events\/7721","targetHints":{"allow":["GET"]}}],"collection":[{"href":"https:\/\/tourismehsp.com\/en\/wp-json\/wp\/v2\/ajde_events"}],"about":[{"href":"https:\/\/tourismehsp.com\/en\/wp-json\/wp\/v2\/types\/ajde_events"}],"author":[{"embeddable":true,"href":"https:\/\/tourismehsp.com\/en\/wp-json\/wp\/v2\/users\/6"}],"wp:featuredmedia":[{"embeddable":true,"href":"https:\/\/tourismehsp.com\/en\/wp-json\/wp\/v2\/media\/7755"}],"wp:attachment":[{"href":"https:\/\/tourismehsp.com\/en\/wp-json\/wp\/v2\/media?parent=7721"}],"wp:term":[{"taxonomy":"post_tag","embeddable":true,"href":"https:\/\/tourismehsp.com\/en\/wp-json\/wp\/v2\/tags?post=7721"},{"taxonomy":"event_type","embeddable":true,"href":"https:\/\/tourismehsp.com\/en\/wp-json\/wp\/v2\/event_type?post=7721"},{"taxonomy":"event_type_2","embeddable":true,"href":"https:\/\/tourismehsp.com\/en\/wp-json\/wp\/v2\/event_type_2?post=7721"}],"curies":[{"name":"wp","href":"https:\/\/api.w.org\/{rel}","templated":true}]}}

<p>Les gars de Bleu Jeans Bleu font du bien. Ils l&#8217;ont toujours fait, et ils poursuivent sur leur lancée avec un tout nouveau spectacle, la tournée Record NºV. Ce nouveau spectacle allie irrésistiblement leur musique efficace à leur humour décalé, dans une parfaite complicité avec le public.</p>


<figure class="wp-block-embed is-type-video is-provider-youtube wp-block-embed-youtube wp-embed-aspect-16-9 wp-has-aspect-ratio"><div class="wp-block-embed__wrapper">
<iframe title="Bleu Jeans Bleu - Swing dans piscine - Avec Paroles - (Clip Officiel)" width="800" height="450" src="https://www.youtube.com/embed/50X90Pl8VsA?feature=oembed" frameborder="0" allow="accelerometer; autoplay; clipboard-write; encrypted-media; gyroscope; picture-in-picture; web-share" referrerpolicy="strict-origin-when-cross-origin" allowfullscreen></iframe>
</div></figure>



<p><strong><em>Forfait disponible 10% rabais à l’achat de tous les spectacles de la programmation automne 2026 (à l’exception des spectacles *jeunes publics/scolaire)</em></strong></p>



<p><strong><em>Mise en vente des forfaits automne 2026 le 03 juin à 9h via internet et à la billetterie de la Shed</em></strong></p>



<p><strong><em>Mise en vente individuel à partir du 15 juin 9h via internet et à la billetterie de la Shed</em></strong></p>
